of j(k). Is u(-3) prime?
True
Suppose -5*f + 15 + 0 = 0. Is 3/(18/158)*f composite?
False
Let t(c) = -33*c + 1. Let u(y) be the second derivative of -49*y**3/6 + y**2 - 2*y. Let b(d) = 7*t(d) - 5*u(d). Is b(4) prime?
True
Let f(l) = l**3 - 24*l**2 - 4*l - 93. Is f(28) a prime number?
False
Suppose k + 800 = 6*k. Suppose -2*x = -n - k, -199 = -5*x + 3*n + 202. Is x a prime number?
True
Let q = -264 - -403. Is q a prime number?
True
Is 3/12 - 20049/(-12) composite?
True
Suppose 3*l + 5 = 4*l. Suppose -4 - 6 = -l*j. Is 0 - (j/1 - 21) a composite number?
False
Let j(i) = -i - 4. Let x = -11 + 5. Let a be j(x). Suppose -a*f = -99 + 33. Is f a prime number?
False
Let i(l) = -l**3 + l**2 + 1399. Is i(0) prime?
True
Let l = 1089 - 572. Is l prime?
False
Let o(y) = 53*y**2 - y + 1. Let i be o(1). Let x = -22 + i. Is x prime?
True
Let i(k) = -k**3 + 6*k**2 + 7*k - 6. Let x be i(7). Let v be ((-54)/(-5))/(x/(-20)). Let r = v - 13. Is r a composite number?
False
Let h(w) = -w**3 - 5*w**2 + 10*w + 7. Let t(s) = s**3 + 6*s**2 - 6*s - 1. Let k be t(-7). Is h(k) prime?
False
Let l(z) = -z**3 - 9*z**2 + 5*z + 15. Is l(-10) prime?
False
Let q(o) = -10*o + 9 - o + 3*o. Let c(n) = 7*n - 9. Let a(k) = 4*c(k) + 3*q(k). Is a(6) prime?
False
Suppose 3*a - 3*m + 99 = 0, 2*a + 6*m = 3*m - 86. Let x = 111 + a. Is x a composite number?
True
Is (569 - 0) + (-48)/12 composite?
True
Let w(u) = 2*u + 1. Let o be w(2). Suppose o*y - 550 = -155. Is y prime?
True
Let h(o) = 6*o**2 - 5*o - 7. Is h(10) a composite number?
True
Suppose -7*d = -2*d - 95. Is d composite?
False
Suppose 3*f - 53 = 193. Is -3*(f/(-3) + 1) a composite number?
False
Is 2/(-4)*(-3695 + 1) prime?
True
Let g(w) = w**2 + 12*w + 15. Let n be g(-11). Is (635 - n) + (0 - 0) a composite number?
False
Let r(c) be the third derivative of -c**6/120 + c**5/10 - 7*c**3/6 + c**2. Let b be r(6). Is -10 - b - (-1 + -123) a composite number?
True
Is 6/9*(-636)/(-8) composite?
False
Let c = -589 + 301. Let g = c + 473. Is g a prime number?
False
Suppose 7*t = 4*z + 5*t - 3622, 2*t = 2*z - 1808. Is z a prime number?
True
Let a be -2 + 275 + -2 - 3. Suppose 4*h + 4*n = a, 0*h - n = -4*h + 293. Suppose m + d - 27 = -5, 5*d = -3*m + h. Is m composite?
False
Let t be 3*2/(-3) - 160. Let i be (12/(-9))/(2/t). Let d = -59 + i. Is d a prime number?
False
Let y = 3590 + -1743. Is y a composite number?
False
Suppose -45 = 5*k + 2*v, 5*k + 18 = 3*k + 3*v. Let y be 18 + -2 + 0 - 0. Let j = y + k. Is j composite?
False
Let m(a) = a**2 + 7*a + 7. Is m(-10) prime?
True
Let o be -2 - (6/(-2) - -1). Suppose 0 = 3*n + 5*v - 281, -v - 2 = -o*v. Is n a composite number?
False
Suppose 3*k + l = 4*l + 633, -5*k + 1067 = -2*l. Let u = k - 84. Is u a composite number?
False
Let y = -10 + 1. Let h(p) = -12*p - 11. Is h(y) composite?
False
Let y(f) = -2*f**3 - 3*f - 5. Let z be y(-4). Let t be (3 - 4)/((-1)/2). Suppose j - 27 = 2*c, -2*j - c = t*j - z. Is j a prime number?
False
Suppose -2*t = -t. Let d = 68 + 580. Suppose 3*q + 0*q = -4*k + 640, t = 4*k + q - d. Is k a prime number?
True
Suppose -5*l + 8 = -3*l. Suppose -g - 4*b = -97, -3*b + l*b = -2*g + 222. Is g composite?
False
Suppose b - 3*c - 421 = -4*b, 5*c + 425 = 5*b. Is b a prime number?
True
Let p(v) = v + 79. Suppose 0 = -m + 2*m. Is p(m) a prime number?
True
Let a(h) be the third derivative of h**4/2 - 7*h**3/6 + 5*h**2. Is a(7) a prime number?
False
Suppose 2*i = 4*i - 130. Is i a composite number?
True
Suppose -4*l + 9 = 1. Let o(i) = 9*i**2 + i - 1. Is o(l) a prime number?
True
Let d(b) = -57*b - 7. Is d(-6) a composite number?
True
Let m(w) = 4*w**2 + w + 11. Let x = 22 - 16. Is m(x) composite?
True
Let g be 38/14 - 2/(-7). Suppose -15 = 5*j, -2*t + 0*j = g*j - 33. Is t prime?
False
Suppose 3*x + i - 4763 = 0, 4*x - 6344 = 3*i - 6*i. Is x composite?
True
Let n be (-1 + -5)/((-6)/4). Is 3/n*(0 - -8) prime?
False
Let f = -30 - -24. Is 4 - -62*(-9)/f prime?
True
Suppose -j + 0*j - 2*u + 14 = 0, 2*u = j + 2. Let z(p) = 15*p + 5. Is z(j) a prime number?
False
Let q(k) = 5*k + k**2 - 2 - 7*k + 14*k. Let t be q(-7). Is 1/(2 + t/19) a composite number?
False
Suppose 0 = -2*w - 3*h + 4140 - 1385, 0 = -3*w + 3*h + 4140. Let y = -426 + w. Is y a composite number?
False
Suppose -3*t + 7*t - 596 = 0. Is t a composite number?
False
Let a(o) = -35*o**2. Let k be a(3). Let d = 201 + k. Let l = d + 167. Is l a prime number?
True
Suppose -f + 117 = -3*w, 0 = -3*f + 3*w + 204 + 147. Let g = -8 - -13. Suppose -i = -2*z - 40, -5*i = -2*i - g*z - f. Is i prime?
False
Let k = -25 + 30. Let z = 74 + k. Is z a composite number?
False
Suppose 5*g + 0*g = 15. Suppose 3 = -g*n + 12. Suppose n*v + v - 640 = j, 0 = -2*v - 4*j + 338. Is v a composite number?
True
Let o(c) = -24*c - 7. Let k = 9 - 5. Suppose -26 = 2*h - k*g, 4*g = 3*h + 2*h + 41. Is o(h) a prime number?
True
Let j(z) = z**2 - 7*z - 8. Let m be 3/9 - (-87)/9. Is j(m) composite?
True
Let d(m) = -21*m**2 - m - 1. Let x be d(-1). Is (-2)/(-3) - 1477/x a prime number?
True
Is 706/5*30/12 a prime number?
True
Suppose 21*x = 22*x - 33. Is x composite?
True
Let r(y) = 5*y**2 - 9*y + 1. Is r(6) prime?
True
Suppose 0 = 3*a + 1 - 16. Let c(j) = j**2 - 2*j - 1. Is c(a) a composite number?
True
Let p(t) = -2*t - 3. Is p(-7) a composite number?
False
Let d(z) = 18*z + 15. Let a be d(11). Suppose -a = 6*m - 9*m. Is m a prime number?
True
Let n = -1145 - -2218. Is n prime?
False
Let g = 91 - 220. Let p = 47 - g. Is 1/(1 - p/178) prime?
True
Let o = 40 - 92. Let z = 109 + o. Suppose 4*u - 12 = 0, -196 - z = -4*p + 5*u. Is p prime?
True
Suppose -5*z - 12 = -5*u - 2, -3*u + 8 = -2*z. Suppose 6 = -z*t, -3*x - t = -0*t - 144. Is x composite?
True
Let i = 190 + -132. Is i composite?
True
Suppose -5*n = -10*n - 110. Suppose -3*v = -2*d - 145, 2*v + 2*d - 170 = -2*v. Let f = v + n. Is f prime?
True
Let y(t) = -15*t**3 + 5*t**2 + 2*t - 7. Is y(-3) composite?
True
Is 11968/64 + 0*(-1)/(-2) prime?
False
Is (5 - 23)/9*(-4154)/4 composite?
True
Let i = 3 + -1. Suppose i*g + 254 = 4*g. Is g a composite number?
False
Let r be 2/9 - (-102)/27. Suppose 0 = v - 3*h + 8 + 20, r*v + 5*h = -61. Let j = v - -66. Is j prime?
True
Let k be -200*(-3 - 7/(-4)). Suppose -5*t = -5*m + k, m - t = -6*t + 32. Suppose -3*q = -4*q + j + m, 4*j = -4*q + 188. Is q a prime number?
True
Let a = 19 - -43. Is a prime?
False
Let z be (8/20)/(2/10). Suppose 3*l + 4 = z*l. Is (-36)/l - (2 - -1) prime?
False
Suppose -2*f - 3*b - 11 = 0, -f + 4*b + 7 = -15. Is 168/4*f + -2 a composite number?
True
Suppose 3*g = 173 + 1. Suppose 2*k - g = 120. Is k a prime number?
True
Is ((-526)/8)/((-17)/68) prime?
True
Let h be ((-2)/6)/((-4)/24). Suppose h*r - 8 = -2. Is 11*5/3*r composite?
True
Suppose 4*g - 35 = -5*p - 0*p, -5*p - g = -35. Suppose 3*v + 84 = p*v. Is v a composite number?
True
Let d(j) be the second derivative of j**5/20 + 5*j**4/6 - 9*j**2/2 + 8*j. Let y(q) = q - 14. Let o be y(6). Is d(o) a prime number?
False
Let w(c) = c**2 + 5*c - 9. Let l be w(7). Suppose 3*q + 8 + 0 = -4*y, 0 = 5*y + 10. Suppose q = -v - 2*v + l. Is v a composite number?
True
Suppose -7*j + 9*j - 1467 = -3*p, 2461 = 5*p - 2*j. Is p a prime number?
True
Let f = 77 - 42. Is f composite?
True
Let l(w) = -w - 9. Suppose -o + 31 = -4*m, -5*m + 2*o - 7*o - 70 = 0. Let b be l(m). Suppose -37 = -4*x + y - 6, b = -5*y - 15. Is x a composite number?
False
Suppose 4*s - 23 = -7. Let p(g) = -g**3 + 4*g**2 + 6*g - 5. Let t be p(5). Suppose 0 = -5*z - 5*y + 590, t*z = s*z - 3*y - 451. Is z a composite number?
True
Let n = 3 - 1. Suppose -4*f = -j + 7, 0 = 2*j - n*f - 8. Is (-77)/(-4) + j/(-12) composite?
False
Let a(x) be the third derivative of -5*x**4/3 - 7*x**3/6 - 2*x**2. Let m be a(-5). Suppose -3*n = -3*w - 189, -3*w + 5*w + m = 3*n. Is n a composite number?
False
Let r(g) = -g**3 - g**2 - 7*g - 1. Let s be r(-4). Let u(b) = b**3 - b + 38. Let t be u(0). Let w = s - t. Is w prime?
True
Suppose 0 = -0*a - 2*a. Suppose a = -w + 43 + 72. Suppose -2*z = -7*z + w. Is z composite?
False
Let w be ((-42)/35)/((-4)/10). Suppose w*y = 7*y - 628. Is y a prime number?
True
Suppose -2*c + 9 - 53 = 0. Is (c/4)/(3/(-18)) prime?
False
Suppose x = 3*r - 2*r - 187, 0 = 4*x. Let v = r + -4. Is v composite?
True
Let r = 40 - 29. Let d(j) = 3*j**2 